
(14 - 11) + -11 - (32 - 23)
-17
Evaluate 37 - 23 - 21 - 2.
-9
Calculate 2 + -5 + (-4 + 4 - 5 - 0).
-8
Calculate -8 + -2 + (2 - -5) + -7.
-10
What is (1 - 1) + -35 + (63 + -157 - -105)?
-24
What is 15 - 3 - (2 - (9 - (12 + -6)))?
13
What is the value of -12 - (9 - (14 + -3)) - 11?
-21
What is 4 + 2 + -4 + (-21 - -12) + 2?
-5
(12 - (47 + -56)) + (-1 - -3)
23
23 + (2 - (-10 - -6)) + -13
16
What is (-157 - -150) + (-2 - -2) + (1 - 0)?
-6
50 - 46 - (1 - (3 + -6))
0
What is the value of -6 - (-20 + 16 + 14)?
-16
What is the value of 5 - 39 - ((12 - 48) + 24)?
-22
What is -12 - (99 + -114 - (27 - 2))?
28
16 + -12 + 2 + -17
-11
What is -14 + -4 + 5 + -2?
-15
What is -9 + (15 - 14) + 9?
1
Calculate 17 + 5 - (20 - -4).
-2
What is 8 + (-4 - -15 - -16) + -2?
33
What is -7 + (-8 - (3 - 8))?
-10
What is the value of -36 + 34 - (7 - 0)?
-9
Calculate (1 - -23) + -11 + -4 + 12.
21
What is the value of -3 + -20 + (38 - 29)?
-14
What is 0 + -2 + (30 + -20 - 2 - -19)?
25
What is -4 + 17 + -3 + -17?
-7
What is -9 - ((-11 - 21 - -8) + -3 + -4)?
22
Evaluate 64 + -119 + 55 - (-7 - 0).
7
What is 11 - (-1 + -6 - -7)?
11
What is 5 + -9 + 1 + -6 + (-30 - -28)?
-11
Calculate -35 + 19 + 20 + 0.
4
Calculate -4 - -1 - (-22 + 1 - -11).
7
Calculate (-1 - 4 - -1) + 5 + 12 - 7.
6
Calculate (-17 - -4 - -4) + 14.
5
What is (-143 - -143) + 1 + -8 + -7?
-14
(-1 - 4 - (32 - 28)) + (0 - -14)
5
Evaluate 6 + (0 - 26) + -12 + 29 + -10.
-13
What is the value of 4 - (32 + -10 + -4)?
-14
What is the value of 3 + (8 - 3) - -5?
13
Evaluate (-6 - 3) + 26 - 4.
13
Calculate -7 - (-9 + (0 - -5) + 2 + -6).
1
Calculate 2 - 35 - (-3 - 31).
1
Evaluate 2 - 9 - -4 - (-37 + 36).
-2
14 + -8 + -2 + -7 - -1 - -8
6
Calculate 9 + -3 + -10 + -25 + 7.
-22
Calculate -2 - (-21 - (-28 + 38)).
29
What is -5 - 18 - (33 + -63)?
7
21 - -4 - (18 + 1)
6
-36 - (-19 - 27 - -23)
-13
What is 8 - (15 - 6 - -3) - -8?
4
Calculate -27 - -48 - (-2 - (-9 + 12)).
26
What is the value of (4 - (-2 + 14)) + (-13 - (5 - 14))?
-12
Evaluate 0 + -1 + (5 - 9) + (-2 - 0).
-7
What is 87 + -108 - (-28 - 3)?
10
Evaluate 31 + (-1 - 44) + 37.
23
Calculate (-164 - -129) + (22 - 3).
-16
Evaluate -3 - -8 - ((-13 - -11) + (-1 - 0)).
8
-9 + 2 + (-3 - (-20 + 6)) - 4
0
What is (3 - -13) + -5 - 17?
-6
What is -8 + 37 - (78 - 35)?
-14
What is the value of (-27 - -35) + 0 + 3 + 0 - 6?
5
What is the value of -11 + (-13 - (-15 + 12)) - 0?
-21
What is (-27 - (-16 + 4)) + 12?
-3
What is (-22 - 1) + (18 - 4)?
-9
What is 3 + -2 + (35 - 22) + -11?
3
What is the value of (1 + 1 - 1) + (2 - (8 + -6))?
1
Evaluate (3 - -10) + (3 + -10 - (-12 + 4)).
14
What is the value of (12 + -19 + 4 + 3 - 7) + 15?
8
Evaluate (-41 - -28) + 4 + 0.
-9
What is the value of -7 + -5 + 3 + (16 - (5 - -3))?
-1
What is (-5 + -2 - (-28 + 22)) + -1 + 14?
12
What is -6 - 4 - (4 - (11 - 4) - -8)?
-15
Calculate 7 + -1 - ((-39 - 2) + (513 - 501)).
35
What is the value of (-848 - -848) + -1 + -1 + (-3 - -3)?
-2
What is -766 - -737 - (1 + -33)?
3
Evaluate 2121 - 2127 - ((2 - 0) + 12).
-20
Calculate -16 - (-19 + 4) - (3 + -3).
-1
(-5 - (-13 - -10)) + -3 + 7
2
Calculate -17 - (5 - 18) - (-11 - -1).
6
What is the value of (1 - (8 - 1)) + -2 + 9 + 16?
17
What is the value of -290 + 283 + 11 + -4?
0
-4 + (4 - -12 - 2)
10
Calculate (40 - 18) + (3 - (2 + 6)).
17
What is the value of 4 + 6 + (-31 - (-13 + (9 - 2)))?
-15
14 + 2 - (8 + 4)
4
What is 9 + (40 - 42 - (-7 + 1 + -2))?
15
Calculate 0 - -21 - -9 - 11.
19
Evaluate -38 - -45 - (-5 - 0).
12
Calculate -2 - (-18 + (33 - 16)).
-1
-13 - -17 - ((7 - (14 + -7)) + -4)
8
Calculate 1 + -5 - (-1 + -1 - (-66 - -65)).
-3
What is the value of -13 - 5 - (8 + -7 + -9)?
-10
What is (-3 - 2) + (1 - -3) + -2?
-3
What is (0 - 1 - (-13 - 1)) + (-117 - -116)?
12
-8 + 1 + 4 + 3 + 1 + -6
-5
Calculate (-18 - (-43 - -21)) + (-2 - -2 - 26).
-22
Evaluate 3 + (8 - (-10 + 12 + 4 + -1)).
6
What is 1 + -2 - (1 + (15 - 13)) - 0?
-4
What is -1 + 7 + (2 - -16) - 3?
21
What is the value of 203 - 209 - (1 + 2)?
-9
Evaluate -3 - (-11 - (0 + -13)).
-5
What is the value of 15 + -22 + (-1 - 3)?
-11
What is 2 - (-2 + (-20 + 2 - -4) + 1)?
17
Evaluate (0 - -8) + -13 + 4.
-1
What is (19 - 61) + 77 + -44?
-9
Calculate -3 + 1 + (-12 - -12 - -15).
13
Evaluate (-4 - (1 - -14 - (57 - 47))) + 18.
9
What is -3 + -2 + (-7 - -12 - (2 - 8))?
6
-41 - (-23 + -29) - 13
-2
Calculate 13 + -8 + -9 + 2 + 1.
-1
Evaluate 9 - (4 + -3 - -2).
6
Calculate -1 + (-25 - -16) - -14.
4
What is the value of 7 - (-6 + 12 + -5 - (1 - 29))?
-22
What is -8 + (-1 - 5) + (17 - 11) - 1?
-9
2 + (-4 + 1 - (29 - 27))
-3
Evaluate 21 - 20 - ((8 - 4) + -3 + 19).
-19
What is the value of 5 + 1 - (-103 - -119) - -10?
0
What is the value of -14 - 0 - (47 - 67)?
6
What is the value of 18 + -12 - ((2 - -3) + 4)?
-3
11 - (-1 + 26) - (0 - (-2 - -4))
-12
What is -8 + (-5 - -8) + 15?
10
Evaluate (11 - (-11 + 11)) + -1.
10
Calculate (-6 - (-18 - -25)) + 5.
-8
Evaluate (3 - 4) + 13 + (11 - (6 - 2)).
19
What is -14 - -11 - ((10 - 7) + -1 - -21)?
-26
Calculate -8 + 1 - (4 + 1 + -31).
19
What is the value of 1 + (0 + 11 - 3) + 24 + -27?
6
What is -17 + ((-3 - 8) + -1 - -12)?
-17
What is (13 - 3) + (-4 - 1) + 15?
20
What is the value of 4 + -10 - (0 + -16)?
10
Calculate -7 - (-2 + 8 - (-12 - -28)).
3
Calculate -3 - (169 + -171 - (-1 - (-2 + -2))).
2
What is -79 + 159 + -66 - (-7 + -1)?
22
Calculate 4 + 7 + -3 + 4.
12
Evaluate -15 - -5 - (-8 - -3).
-5
Evaluate 11 - (-33 + 47 + -18 + -1).
16
What is 8 - 6 - (-4 - -22) - -4?
-12
Evaluate -1 - 10 - (-34 + (-22 - -56)).
-11
Evaluate (-2 - 7 - -4) + 3 + -8.
-10
Evaluate -5 + (1 - 0 - 4) + (-24 - -34).
2
What is 4 + (3 + -13 + 4 - 0 - 1)?
-3
Calculate (-10 - -17) + 3 - (1 + -11).
20
What is the value of -2 - (15 + -16 + -9 + -2 + 0)?
10
Calculate -11 + (57 - 43) + -2 + -8.
-7
What is -5 - (13 - 22) - 24?
-20
Calculate 19 + -42 + 32 + -1 + 10.
18
Calculate 6 - ((5 + 2 - 6) + 0 + 3).
2
What is 8 + -11 + 18 + (-14 - -8)?
9
What is the value of (0 - 19) + 183 + -144?
20
Evaluate -27 + (-9 - (-8 - -2 - 14)).
-16
-6 + 24 - (27 - -14)
-23
Evaluate -11 + (-19 - (-20 - 17)) - (-4 - 0).
11
Evaluate 1 - ((1 - (15 - 27)) + -9).
-3
-18 - -4 - (-5 - 11)
2
Calculate (19 - 46) + 18 + 4.
-5
Calculate (12 - (9 - 1) - 13) + 15 - 6.
0
What is the value of (-6 - (5 - -3)) + 0?
-14
Evaluate -26 + 32 - (0 - -8) - 14 - 1.
-17
What is -2 + (8 + -1 - 6 - -5)?
4
12 - (-20 + 9 + 2 + 17) - 3
1
What is the value of 6 + (-7 - (-11 - -15))?
-5
Evaluate 8 + 9 + 1 + -4 + -9.
5
Evaluate -56 + 3 + 45 - (-29 - -1).
20
Evaluate (0 - -2 - -4) + 2 + -21 + 1.
-12
What is the value of (-14 - (-18 + 17)) + 23?
10
What is the value of 6 + -10 + (48 - 31)?
13
What is -3 - -11 - (-62 - -56)?
14
What is 10 - (3 - (4 + -3 + -3) - 0)?
5
What is (-3 + -8 - -2) + -4?
-13
Calculate 1 + -9 - (-134 - -134).
-8
Calculate 25 + -50 + 4 - (-1 - 13).
-7
What is (41 - 24) + (4 - 36)?
-15
What is the value of 19 + 19 + (-81 - -31)?
-12
Evaluate -70 - -60 - (16 - 9).
-17
-5 + 10 + -7 - (6 + 9 + -3)
-14
What is (-5 - -10) + (45 - 37) + -36?
-23
-13 + (49 - (36 - 18)) + -16
2
What is 196 + -200 - (0 + 0)?
-4
Calculate 12 - (-3 + (-7 - (-5 + 6))).
23
What is the value of 1 - (-1 - -11 - (0 + 22)) - 11?
2
4 + ((10 - 32) + 20 - (-17 - 1))
20
Evaluate 15 + (1 - (-3 - -14)).
5
Calculate -5 - ((-21 - (4 + -24)) + 0 + -1).
-3
Evaluate -2 + 1 + 19 + -15.
3
What is the value of 20 - (15 + (-8 + -6 - -8))?
11
Calculate (12 - 0) + (94 - 106).
0
16 + (-6 - 27) - -16
-1
8 + 0 + 8 - 36
-20
What is (-1 - 3 - -1 - -8) + 3 + 5?
13
18 - (-21 + 18 - -34)
-13
Evaluate -31 + (48 - 21) + -22.
-26
Evaluate -1 + -1 - 1 - -15.
12
-3 + -14 + -1 + (18 - 11)
-11
27 + -42 - (7 + -2 + -14 + 17)
-23
What is 1 + 12 + -3 + 12 + -13?
9
What is 0 - (-1 - (1 + -8 + -21 + 29))?
2
What is the value of -3 + 3 + (-2 - -5) - (-12 + 29)?
-14
Evaluate 9 + 0 - (-26 - -48).
-13
What is the value of -5 - (9 + -13 + 9 - (31 + -3))?
18
What is (-170 - -154) + (-1 + 4 - -23)?
10
Calculate 12 - 0 - (2 - (-5 + 6)).
11
Calculate (-285 - -287) + (-3 - -1) + 14.
14
9 + 23 - (-1 + (1 - 0)) - 3
29
Evaluate -15 - ((2 - 3) + -3).
-11
Calculate (7 - (-17 + (-5 - -11) - -9)) + 22.
31
What is the value of -372 + 368 - (1 - 10)?
5
What is -5 - (-4 + 6 + -9 - -4)?
-2
What is (-14 - -27) + -7 + 3 + 0?
9
What is 16 - (-17 - 